-12). Calculate h(u).
-20
Let v(s) = -5*s**2 + s + 1. Let x = -2 - -1. Let u be v(x). Let n(h) = 0 - h + 0 - 4. What is n(u)?
1
Let o(y) = 8*y + 11. Let i(x) = -4*x - 6. Let l(v) = -11*i(v) - 6*o(v). Let h(q) = 11*q - 1. Let p = 0 + -3. Let k(m) = p*h(m) - 8*l(m). Determine k(0).
3
Suppose 2*n - 2*w = 6, -5*n = -2*w + 6*w - 15. Let c(s) = -4*s - 4*s**2 + 1 + 2*s**3 - 4*s**3 + 0*s**3 + 3*s**n. Calculate c(5).
6
Let m be 3/(5/((-20)/3)) + 1. Let i(x) = -x**2 + 2*x. Give i(m).
-15
Let q(h) = h**2 + 13*h - 2. Let k be q(-13). Let t(y) = 2*y + 3. Calculate t(k).
-1
Let r be (-8)/(-2)*(-3)/(-4). Suppose r*z - 2*m + 8 = 2, -4*z - 8 = 3*m. Let q(o) = -o - 1. Calculate q(z).
1
Let k(t) = t**3 + t**2 - t + 1. Let n = -2 + -1. Give k(n).
-14
Let f = 11 + -17. Let j(o) = 3*o**2 + 1 - 2*o**2 - 7*o**2 - o**3. What is j(f)?
1
Let y(x) = -8 + 10*x + 3 + 11 + x**2 + 1. Calculate y(-7).
-14
Let w(v) = v**3 - 6*v**2 + 3*v - 1. Suppose 22 = -5*c + 7*c. Suppose -c = -5*u + 14. Calculate w(u).
-11
Let a(z) = -z**3 - 7*z**2 - 5*z + 7. Suppose -3 = 4*m + 21. What is a(m)?
1
Let b(h) be the second derivative of 0 - 1/12*h**4 - 1/6*h**3 + 5*h + 3*h**2. Determine b(0).
6
Let t be 3 - ((2 - 3) + -1). Suppose -2*k + 4*a = 12, t*k = 3*a - 2*a + 6. Let z be k/(0 + (-3)/6). Let q(r) = -r**3 - 4*r**2 + 2*r + 2. Determine q(z).
-6
Let q(k) = 38 - 35 - k**3 + k**2 + 0*k + 5*k**2 - 6*k. Give q(5).
-2
Let z(j) = -2*j**3 + 5*j**2 + j - 1. Let x(o) = 3*o**3 - 7*o**2 - 2*o + 1. Let k(p) = 5*x(p) + 8*z(p). Suppose 0*q - 5*q = -20. Give k(q).
5
Let t(x) = x**2 + 4*x - 6. Let j(a) = -a + 4. Let b be j(0). Suppose -2*m - 2 - b = c, -4*m = c + 14. Suppose c*s - 1 + 13 = 0. Calculate t(s).
6
Let m(n) = -8*n + n**2 + 10*n**2 - 4 - 12*n**2. Determine m(-5).
11
Let g(z) = -z**2 + 4*z - 5. Let r = -3 + 7. What is g(r)?
-5
Let c(i) = 4 - 285*i + 284*i + 1. What is c(7)?
-2
Let o(g) = 3*g**2 + 15*g + 5. Let n be o(-5). Let u(s) be the first derivative of -s**4/4 + 5*s**3/3 - s + 1. What is u(n)?
-1
Let t(j) be the first derivative of j**4/4 + j**3 - 3*j**2/2 - 3*j - 87. Let i = -5 + 2. What is t(i)?
6
Suppose -u - 6 = -4*u. Let y(a) = a**3 - a**2 + 2*a + 1. What is y(u)?
9
Let j be 2/2*(-12 - -13). Let s be (j - 2)*(5 - 4). Let l(p) = 11*p**2 - 1. What is l(s)?
10
Let d(w) = 12*w + 39. Let y be d(-3). Let a(r) = r**2 - r - 2. Give a(y).
4
Let x(q) = q**2 - 5*q + 1. Suppose k + 13 = 3*r, 3*r = -0*r - k + 5. Suppose -d + a + 7 = d, r*a = -3. Give x(d).
-5
Suppose x + 2*x + 18 = -q, -2*x + 16 = -4*q. Let g(m) = -m**3 - m**2 - m - 1. Let c(t) = 4*t**3 - 2*t**2 + t + 10. Let l(a) = -c(a) - 5*g(a). What is l(q)?
7
Let l(b) = b**2 - 4*b - 3. Let n be ((6 - 3) + -8 - -4) + -2. Give l(n).
18
Let i(c) = 3*c - c - 3*c + 1 + 6. What is i(0)?
7
Let d(z) be the third derivative of -z**8/20160 - z**7/5040 + z**6/240 - 7*z**5/60 + z**2. Let j(l) be the third derivative of d(l). What is j(3)?
-9
Let o(z) = -15*z - 7. Let y(a) = 7*a + 4. Let d(r) = 6*o(r) + 13*y(r). Determine d(-8).
2
Let p(x) = x**3 - x + 8. Let k(s) = s**2 + s - 2. Let w be k(1). Calculate p(w).
8
Let v(a) = -5*a + 1. Let j(h) = -6*h + 1. Let m(k) = 6*j(k) - 7*v(k). Suppose 8*d = 12*d + 8. What is m(d)?
1
Let o be 4/(-14) - 30/(-7) - 9. Let n(i) = 3*i - 6. What is n(o)?
-21
Let b = 3 - 1. Suppose -4 - 6 = -b*i. Suppose 3*u = i*g - 4 - 18, 3*u + 4 = -4*g. Let l(h) = h - 1. What is l(g)?
1
Suppose -7*o - 2 = 5. Let q = 4 - 2. Let l(j) = q*j + 0 + 0. Determine l(o).
-2
Let j(g) be the first derivative of -4*g**2 + 0 + 1 + 5*g**2 + 3*g. Let d be j(-4). Let t(b) = -b**2 - 5*b - 7. What is t(d)?
-7
Suppose 3*g + g - 2*p = 10, -g - 2*p + 15 = 0. Suppose g + 21 = 2*t. Suppose -t - 2 = 3*j. Let q(c) = c**2 + 3*c - 5. Determine q(j).
5
Suppose 5*f - 10 = -3*s, 2*s + 0*s + 10 = 5*f. Let v = 0 + 2. Let z(a) = v*a**2 + a**2 - 4*a**2. Calculate z(f).
-4
Let l = -9 - -5. Let v(m) be the first derivative of m**7/840 + m**6/90 - m**5/120 + m**3/3 + 3. Let g(a) be the third derivative of v(a). What is g(l)?
4
Let j(f) = 8*f**2 + 1 + 3 - 3 + 2*f - 4*f. Give j(1).
7
Let c(w) = -w**3 + 5*w**2 - 5*w + 6. Suppose r + x = 5 + 4, -5*x + 17 = -2*r. Calculate c(r).
2
Suppose 21*q = 20*q. Let a(v) = -v**2 + v + 13. Give a(q).
13
Let o(f) = f - 4. Let z be o(6). Let w(b) = 2*b**2 - 3*b + b**2 + 5 - b**z - 3*b**2. Calculate w(-4).
1
Suppose 18 = 9*m - 45. Let s(u) = -u + 17. Determine s(m).
10
Let c(v) = -v**3 + 5*v**2 - 4. Let d(s) = s**3 + 13*s**2 + s + 15. Let b be d(-13). Suppose -b*x + 3*x - 4*q = 25, x = -5*q - 20. What is c(x)?
-4
Let m = 16 - 21. Let j(k) = -k**3 - 4*k**2 + 3*k - 3. Give j(m).
7
Let a be (4/12)/(1/3). Let w = a - -2. Suppose q - 1 = w. Let d(x) = -x**2 + 5*x - 2. Determine d(q).
2
Let r(i) = -3*i**3 - 15*i**2 + 11*i - 9. Let k(u) = -2*u**3 - 10*u**2 + 7*u - 6. Let j(w) = -8*k(w) + 5*r(w). Determine j(-5).
8
Let q(m) be the second derivative of -m**7/840 - 7*m**6/360 - m**5/15 + m**4/24 - 7*m**3/6 + 4*m. Let a(o) be the second derivative of q(o). Give a(-6).
13
Let v(o) = o**3 - o**2 + 1. Let c(s) be the third derivative of -7*s**6/120 + s**5/60 + 5*s**4/24 - 7*s**3/6 - 4*s**2. Let b(l) = -c(l) - 6*v(l). What is b(-6)?
-5
Let z(x) = 8 - 205*x**2 + 204*x**2 - 6*x + 2*x. Suppose 0 = s + 4 + 2. Let p be z(s). Let j(r) = -r**2 - 4*r + 2. What is j(p)?
2
Let v(l) = -l**2 + 6*l - 5. Let s = 9 - 4. Let f be v(s). Let x(r) = -r + 1. Calculate x(f).
1
Suppose -9*s + 24 = -5*s. Let c(u) = u**3 - 6*u**2 + 4. Calculate c(s).
4
Let r(j) = -j**2 + 5*j - 6. Suppose 4*a = -12, 5*z - 7 = -2*a + a. Suppose 0 = -2*l - z*w + 8, l = -2*w + 1 + 2. What is r(l)?
-6
Let u(g) be the second derivative of 3/2*g**2 + 0 - 5*g - 1/6*g**3. What is u(3)?
0
Let j(m) = m**2 - 12*m - 18. Let f be j(13). Let x(w) = w**3 + 4*w**2 - 5*w. Determine x(f).
0
Suppose -54*j = -55*j - 7. Let q(l) = l**3 + 8*l**2 + 7*l + 2. Calculate q(j).
2
Let q(n) be the third derivative of -n**4/24 - 5*n**3/6 - n**2. Determine q(-3).
-2
Let o(v) = v**2 + 6*v + 2. Suppose 2*p + 4*u = -26, -4*p - 4*u + u - 37 = 0. Calculate o(p).
9
Let j(z) = -9*z**3 - z**2 - 2*z - 1. Let y(f) be the third derivative of -1/60*f**5 + 5/24*f**4 - 2*f**2 + 0 + 5/6*f**3 + 0*f. Let t be y(6). Calculate j(t).
9
Let f(h) = -3*h**2 - 5*h. Let n(t) = -t**2 - t. Let y(x) = f(x) - 2*n(x). Determine y(-2).
2
Let q(o) = 11*o**3 - 23*o**2 - 3*o - 4. Let g(b) = -5*b**3 + 11*b**2 + b + 2. Let z(f) = 13*g(f) + 6*q(f). Determine z(-6).
-4
Let m(l) = -5*l**2 + l + 2. Let i be m(-1). Let j(f) = -4*f**2 + f + 2. Let g(p) = 5*p**2 - p - 3. Let x(o) = i*j(o) - 3*g(o). Give x(0).
1
Let x(f) be the second derivative of -f**3/6 + 6*f**2 - 2*f. What is x(8)?
4
Let b(h) = -6*h**3 + 6*h**2 - 4. Let f(d) be the first derivative of -d**4/4 + d**2/2 - 2. Let v(a) = b(a) - 5*f(a). Let g = 22 + -17. Give v(g).
-4
Let k(h) = h - 7. Let f = 4 - 1. Let g = 0 + f. Determine k(g).
-4
Let y(f) = -f**2 + 2*f - 3. Suppose -2*w + 3*b - 10 = -4, -w - 3*b = 3. Let r be w/(-6)*-2 - -4. Suppose 12 = r*c + c. What is y(c)?
-6
Let p(g) = 2*g**2 - 2*g. Let f be p(-2). Suppose 4*a + 30 = -2*l, -4*l - 3 = -l. Let r = f + a. Let m(b) = b. Calculate m(r).
5
Let d(c) = 6*c**2 + 3*c**2 - c - 2 - 13*c**2 - c**3. Calculate d(-4).
2
Let q(b) = -b + 6. Let z be q(5). Suppose 2*j - z = 5. Suppose x + 0 = -j. Let u(k) = -2*k - 3. Determine u(x).
3
Let p(m) be the second derivative of -m**5/20 + 5*m**2/2 + 4*m. Give p(0).
5
Let t = -6 - -13. Let d(b) = b**2 - 5*b - 8. Let g be d(t). Let w(q) = -q**3 + 7*q**2 - 8*q + 6. Give w(g).
-6
Let y(s) = -1 + 4*s + 2 - 7 - 3*s. Calculate y(3).
-3
Let v(j) = 2*j**2 + 2 + 3*j**3 - 9*j - 4*j**3 + 0*j + 7*j. Calculate v(3).
-13
Let a(o) be the third derivative of o**4/24 - 5*o**3/6 + 12*o**2. Calculate a(8).
3
Let u(g) = g**3 - g**2 - 3*g + 2. Suppose -f = f + 30. Let n = 17 + f. Give u(n).
0
Let t(f) = -f**2 - f. Let y(n) = 43*n + 3. Let k be y(3). Let w be (-6)/14 + k/14. Suppose -12*b + w*b = -9. Calculate t(b).
-12
Let x(v) = v**2 - 7*v + 4. Let p be 20/(4 + -2) - 2. Let k(j) = -2*j**2 + 11*j - 6. Let q(c) = p*x(c) + 5*k(c). Give q(-2).
-4
Suppose 0 = 4*z - 32. Let n(h) = 6*h + z*h**2 - 3 + 3*h**2 - 12*h**2. Determine n(4).
5
Let x(l) = -7*l**2. Let i(v) = v**3 + 3*v**2 - 6*v - 2. Let a be i(-4). Let s = a + -6. Suppose -3*o - 2 + 5 = s. Give